(-2).
2, 3
Let w = -11 - -11. Suppose n - 4 = -w*n. Suppose n*a = -5*k + 65, a + 2*a = -3*k + 36. What are the prime factors of k?
17
Let o = -5 + 7. Suppose -3*g = -o*g - 8. List the prime factors of g.
2
Let a be 2/(-4) - (-10)/4. Let w(k) = 2*k - 2. Let r be w(a). Suppose 7*d - r*d = -5*m - 10, 2*m = -4*d - 12. What are the prime factors of m?
2
Let p be (4 - 3)/((-2)/(-10)). Suppose 78 - 13 = p*b. What are the prime factors of b?
13
Let b = 52 + -31. List the prime factors of (2/(-3))/((-7)/b).
2
Let k(t) = t**3 - 6*t**2 + 5*t + 3. Let x be k(5). Let h(d) = -d**3 + 7*d**2 - 4*d - 7. Let n be h(6). Let m = x + n. List the prime factors of m.
2
Let k be (-16)/(-10)*15/6. Suppose -5*p + 3 = -y, -1 + 8 = k*y - p. Suppose 0 = -3*t + 5*d + 10, t - d = -y*t + 26. List the prime factors of t.
2, 5
Suppose q = 2*x + 4 - 2, -4*x = 4*q - 20. List the prime factors of q.
2
Let r(c) = 48*c - 8. What are the prime factors of r(3)?
2, 17
Suppose 3*o + 8 = o. Let n = o - -6. Suppose 0 = 5*k + n - 22. What are the prime factors of k?
2
Let c(q) = q + 2. Let p be c(5). Suppose -p*u + 4*u + 54 = 0. What are the prime factors of u?
2, 3
Suppose 6*b = -0*b + 690. What are the prime factors of b?
5, 23
Let h(u) = u - 1. Let r(o) = o + 4. Let z be r(5). What are the prime factors of h(z)?
2
Let j = 2 + 2. Let x be (j/6)/((-8)/(-132)). Let b = x - -1. List the prime factors of b.
2, 3
Let g(s) = -s**3 + 13*s**2 - 10*s + 10. Let z be g(12). Let u be (-38)/(-9) + (-4)/18. Suppose -z = -u*a + 50. What are the prime factors of a?
3, 7
What are the prime factors of 11/((-22)/(-24)) - -2?
2, 7
Let a(f) = -2*f**3 + 3*f - 4. List the prime factors of a(-4).
2, 7
Suppose x - 141 = -3*s, x = -2 - 1. Let i = -21 + s. What are the prime factors of i?
3
Let x(y) = -y - 9. Let j be x(0). Let k(f) = -f. Let a(d) = -3*d + 11. Let p(i) = a(i) - 4*k(i). List the prime factors of p(j).
2
Let m(z) = -z**2 - 9*z + 5. Let o be m(-9). Suppose o*u - 48 = 42. What are the prime factors of u?
2, 3
Let b be 2*(25/(-2))/(-5). Suppose -67 = -b*q + 38. Suppose c - q = -7. What are the prime factors of c?
2, 7
Suppose 0 = -5*j + 91 + 34. What are the prime factors of j?
5
Let h = 127 + -51. Suppose 147 = 4*j - 5*z, -3*z = -2*j + h - 3. What are the prime factors of j?
2, 19
Suppose 9 = -q + 1. Let g = 12 + q. Suppose 2*v - 4*w = -6*w + 40, -g*v - 2*w + 82 = 0. What are the prime factors of v?
3, 7
Let c be (-237)/(-21) - (-4)/(-14). Let w = 8 - 8. Suppose 1 = z, w*r + 2*r - c = 5*z. List the prime factors of r.
2
What are the prime factors of ((-258)/9)/(3/(-36))?
2, 43
Let n be (-94)/(-14) + 4/14. Suppose -4*l + 15 = t, -l + 0*l = -5. Let p = t + n. List the prime factors of p.
2
List the prime factors of ((-8)/(-10))/((-12)/(-390)).
2, 13
Suppose 0 = 5*r - 3*b + 150, -2*r - 3*b + 18 - 78 = 0. What are the prime factors of 10/(-3)*36/r?
2
Suppose -2*p = 3*q - 1186, q - 2*p + 11 = 417. List the prime factors of (-2)/(-16) - q/(-16).
5
Let s = -23 - -49. Let c = -12 + s. List the prime factors of c.
2, 7
Let n(l) be the first derivative of -7*l**2/2 - 3. What are the prime factors of n(-2)?
2, 7
Let d(m) = m + 9. Let z be d(-8). Suppose 4*t - 3*k - 21 = 0, -4*t - 2 = 5*k + z. What are the prime factors of t?
3
Suppose 5*v = 5, -3*v = -4*d + v + 300. Suppose 5*z = 9 + d. What are the prime factors of z?
17
Suppose -9*d + 15*d - 1254 = 0. What are the prime factors of d?
11, 19
Suppose -o = -20 - 12. List the prime factors of o.
2
Let w(s) = 6*s - 11. Suppose -4 = -4*l + 20. List the prime factors of w(l).
5
Let r be ((-38)/4)/(5/(-10)). Suppose 5*c + 43 + 2 = 0. Let k = c + r. List the prime factors of k.
2, 5
Let r = -118 - -216. What are the prime factors of r?
2, 7
Suppose 8*i = 3*i - 4*p + 1868, -i + 361 = 5*p. List the prime factors of i.
2, 47
Suppose -2*t - t + 15 = 0. Suppose 0 = -t*o - 0*o + 55. What are the prime factors of o?
11
Suppose -5*d = -0*d - 2*v - 383, 63 = d + 3*v. What are the prime factors of d?
3, 5
Let y be 104/2 + 3 + 3. Let d be 3 + -1 + 2 + 0. Suppose d*c = -2*j + y, 8*j - 3*j = 5. List the prime factors of c.
2, 7
Suppose -52 = -5*d + 38. Let t = 30 - d. List the prime factors of t.
2, 3
Let d(g) = 6*g - 22. List the prime factors of d(9).
2
Let m(z) = 3*z**3 - 3*z + 1. Let d be m(2). Suppose 3*h + d + 35 = 0. Let j = h - -30. List the prime factors of j.
2, 3
Suppose 18 = 3*v - v. Suppose v - 4 = r. What are the prime factors of r?
5
What are the prime factors of 705/6 - 7/((-28)/6)?
7, 17
Let u = 89 - 97. Suppose -k = -5*g - 1 + 8, -2*g + 30 = -2*k. Let v = u - k. What are the prime factors of v?
3
Let x be (-345)/(-75) + (-4)/(-10). Let y = -3 - -18. Suppose y - 90 = -x*g. List the prime factors of g.
3, 5
Suppose 20 - 6 = h. What are the prime factors of h?
2, 7
Let d(f) = -f**3 - 3*f**2 + 3*f + 6. Let t be d(-5). Suppose -5*o = 4*h, -4*o - 2*h - t = -7*h. Let c = 7 + o. What are the prime factors of c?
3
Suppose 4*b = -0*b + 72. List the prime factors of b.
2, 3
Let k = 452 + -251. What are the prime factors of k?
3, 67
Let u = -7 + 20. Suppose r - 1 = -4*k, -2*r + 5*k + 2 = -u. Suppose -3*i + r*m = 2*m - 30, 0 = 4*i - m - 31. What are the prime factors of i?
7
Suppose 0*k + 45 = 2*k - 5*w, -4*k - 2*w = -78. What are the prime factors of (-1)/2 - (-510)/k?
5
Let u(c) = c**2. Let d be u(0). Suppose r = 4*q - 35, q + r = -d*r + 5. List the prime factors of q.
2
Suppose -4*h - 14 = -5*b - 0*h, 2*b - 7 = 3*h. Suppose -5*i + 152 - 42 = -5*m, 48 = b*i - 4*m. What are the prime factors of i?
2, 5
Suppose -4*r + 46 = -114. List the prime factors of r.
2, 5
Let s = 22 + -10. What are the prime factors of s?
2, 3
Let x(s) = 28*s**3 + s**2 - 8*s + 3. List the prime factors of x(2).
5, 43
Let v = -66 + 92. Suppose -v = -k - 3. What are the prime factors of k?
23
Suppose 2*c - b - 70 = -3*b, 3*c = b + 121. What are the prime factors of c?
3, 13
Let q = -4 + 4. List the prime factors of -9*(q + 8/(-6)).
2, 3
Suppose -5*y - 36 = -2*y. Suppose -128*l + 125*l + 69 = 0. Let n = y + l. What are the prime factors of n?
11
Let d be (7 + (-1 - 0))/1. Let r be (21*d/9)/(-2). Let m(x) = -x**2 - 9*x. What are the prime factors of m(r)?
2, 7
Suppose h - 4*t + 1 = 0, t + 4*t - 15 = 0. List the prime factors of h.
11
Let h = 114 - 52. List the prime factors of h.
2, 31
List the prime factors of (-34)/119 - (-177)/7.
5
Suppose -2*z - 3*z + 200 = 0. What are the prime factors of z?
2, 5
What are the prime factors of (-14)/(-21)*(1 + 44)?
2, 3, 5
Suppose a + 209 = 7*q - 3*q, -4*a = 5*q - 235. What are the prime factors of q?
3, 17
Let z(p) = p + 4. Let w be z(4). Suppose -2*q = 2*q + w. List the prime factors of (-92)/(-8) + q/(-4).
2, 3
Suppose m + 0*m = 13. Suppose -3 = -2*s - m. What are the prime factors of ((-12)/(-5))/((-2)/s)?
2, 3
Suppose 0*o + o + 3 = 0, 4*g - 110 = -2*o. What are the prime factors of g?
29
Suppose -2*d = -7*d + 130. List the prime factors of d.
2, 13
Let m(k) = 3*k - 20. What are the prime factors of m(8)?
2
Let o be (-4)/((-8)/106) + 0. Suppose 0 = -5*h - 13 + o. What are the prime factors of h?
2
Let c(w) = w**3 - 9*w**2 - 5*w - 14. List the prime factors of c(10).
2, 3
Let p(f) = -f**2 - 3*f + 5. Let r be (1 - -1) + 24/(-4). Let g be p(r). What are the prime factors of g - (-5)/((-5)/(-8))?
3
Suppose -6*s + 110 = -2*s - 3*x, x = 4*s - 106. What are the prime factors of s?
2, 13
Let c = -2 + 1. Let g = 11 - c. Suppose -3*f = g, x = -x + f + 22. List the prime factors of x.
3
Let q be -2 + ((-261)/(-3) - 0). Suppose 0 = 4*r + r + 5*p - q, 0 = 5*r + p - 81. List the prime factors of r.
2
Suppose 0 = -4*v - 3*d + 91, v - 5*d - 13 = -v. Suppose 4*q - v - 93 = 0. List the prime factors of q.
2, 7
Let p(y) = 2*y**2 + 4*y + 3. Let h be p(-2). Suppose 0*j = -h*j + 15. List the prime factors of (j - -2) + (-1 - -1).
7
Let u = -48 - -193. What are the prime factors of u?
5, 29
Suppose 2 - 14 = -3*g, -2*k - 5*g = -98. Suppose 13*w = 14*w - k. List the prime factors of w.
3, 13
Let w(a) = -2*a**2 + 3*a + 33. List the prime factors of w(0).
3, 11
Let p = 6 + -1. Let o(v) = v**3 - 5*v**2 + 4*v - 5. What are the prime factors of o(p)?
3, 5
Let q be 0/((-1)/(1/(-1))). Suppose 4*d + q*k = k + 20, -3*d - 8 = 5*k. What are the prime factors of d?
2
Let b(w) = w - 8 + 3 - 2. Let